{"id":5949,"date":"2022-12-01T14:33:49","date_gmt":"2022-12-01T14:33:49","guid":{"rendered":"http:\/\/otbwaterdesign.com\/proyecto\/placa-del-pais-leliana\/"},"modified":"2022-12-01T14:36:16","modified_gmt":"2022-12-01T14:36:16","slug":"placa-del-pais-leliana","status":"publish","type":"proyecto","link":"https:\/\/www.otbwaterdesign.com\/ca\/proyecto\/placa-del-pais-leliana\/","title":{"rendered":"Pla\u00e7a del Pa\u00eds Valenci\u00e0 , l&#8217;Eliana"},"content":{"rendered":"","protected":false},"featured_media":1977,"template":"","meta":{"_acf_changed":false},"categories":[72],"tags":[105],"acf":[],"yoast_head":"<!-- This site is optimized with the Yoast SEO Premium plugin v22.5 (Yoast SEO v22.5) - https:\/\/yoast.com\/wordpress\/plugins\/seo\/ -->\n<title>Pla\u00e7a del Pa\u00eds Valenci\u00e0 , l&#039;Eliana - Oficina T\u00e9cnica Buigas<\/title>\n<meta name=\"robots\" content=\"noindex, follow\" \/>\n<meta property=\"og:locale\" content=\"ca_ES\" \/>\n<meta property=\"og:type\" content=\"article\" \/>\n<meta property=\"og:title\" content=\"Pla\u00e7a del Pa\u00eds Valenci\u00e0 , l&#039;Eliana\" \/>\n<meta property=\"og:url\" content=\"https:\/\/www.otbwaterdesign.com\/ca\/proyecto\/placa-del-pais-leliana\/\" \/>\n<meta property=\"og:site_name\" content=\"Oficina T\u00e9cnica Buigas\" \/>\n<meta property=\"article:modified_time\" content=\"2022-12-01T14:36:16+00:00\" \/>\n<meta property=\"og:image\" content=\"https:\/\/www.otbwaterdesign.com\/wp-content\/uploads\/2020\/10\/IMG_3099.jpg\" \/>\n\t<meta property=\"og:image:width\" content=\"1920\" \/>\n\t<meta property=\"og:image:height\" content=\"750\" \/>\n\t<meta property=\"og:image:type\" content=\"image\/jpeg\" \/>\n<meta name=\"twitter:card\" content=\"summary_large_image\" \/>\n<script type=\"application\/ld+json\" class=\"yoast-schema-graph\">{\"@context\":\"https:\/\/schema.org\",\"@graph\":[{\"@type\":\"WebPage\",\"@id\":\"https:\/\/www.otbwaterdesign.com\/ca\/proyecto\/placa-del-pais-leliana\/\",\"url\":\"https:\/\/www.otbwaterdesign.com\/ca\/proyecto\/placa-del-pais-leliana\/\",\"name\":\"Pla\u00e7a del Pa\u00eds Valenci\u00e0 , l'Eliana - Oficina T\u00e9cnica Buigas\",\"isPartOf\":{\"@id\":\"https:\/\/www.otbwaterdesign.com\/ca\/#website\"},\"primaryImageOfPage\":{\"@id\":\"https:\/\/www.otbwaterdesign.com\/ca\/proyecto\/placa-del-pais-leliana\/#primaryimage\"},\"image\":{\"@id\":\"https:\/\/www.otbwaterdesign.com\/ca\/proyecto\/placa-del-pais-leliana\/#primaryimage\"},\"thumbnailUrl\":\"https:\/\/www.otbwaterdesign.com\/wp-content\/uploads\/2020\/10\/IMG_3099.jpg\",\"datePublished\":\"2022-12-01T14:33:49+00:00\",\"dateModified\":\"2022-12-01T14:36:16+00:00\",\"breadcrumb\":{\"@id\":\"https:\/\/www.otbwaterdesign.com\/ca\/proyecto\/placa-del-pais-leliana\/#breadcrumb\"},\"inLanguage\":\"ca\",\"potentialAction\":[{\"@type\":\"ReadAction\",\"target\":[\"https:\/\/www.otbwaterdesign.com\/ca\/proyecto\/placa-del-pais-leliana\/\"]}]},{\"@type\":\"ImageObject\",\"inLanguage\":\"ca\",\"@id\":\"https:\/\/www.otbwaterdesign.com\/ca\/proyecto\/placa-del-pais-leliana\/#primaryimage\",\"url\":\"https:\/\/www.otbwaterdesign.com\/wp-content\/uploads\/2020\/10\/IMG_3099.jpg\",\"contentUrl\":\"https:\/\/www.otbwaterdesign.com\/wp-content\/uploads\/2020\/10\/IMG_3099.jpg\",\"width\":1920,\"height\":750},{\"@type\":\"BreadcrumbList\",\"@id\":\"https:\/\/www.otbwaterdesign.com\/ca\/proyecto\/placa-del-pais-leliana\/#breadcrumb\",\"itemListElement\":[{\"@type\":\"ListItem\",\"position\":1,\"name\":\"Portada\",\"item\":\"https:\/\/www.otbwaterdesign.com\/ca\/\"},{\"@type\":\"ListItem\",\"position\":2,\"name\":\"Pla\u00e7a del Pa\u00eds Valenci\u00e0 , l&#8217;Eliana\"}]},{\"@type\":\"WebSite\",\"@id\":\"https:\/\/www.otbwaterdesign.com\/ca\/#website\",\"url\":\"https:\/\/www.otbwaterdesign.com\/ca\/\",\"name\":\"Oficina T\u00e9cnica Buigas\",\"description\":\"Fuentes Ornamentales OTB\",\"publisher\":{\"@id\":\"https:\/\/www.otbwaterdesign.com\/ca\/#organization\"},\"potentialAction\":[{\"@type\":\"SearchAction\",\"target\":{\"@type\":\"EntryPoint\",\"urlTemplate\":\"https:\/\/www.otbwaterdesign.com\/ca\/?s={search_term_string}\"},\"query-input\":\"required name=search_term_string\"}],\"inLanguage\":\"ca\"},{\"@type\":\"Organization\",\"@id\":\"https:\/\/www.otbwaterdesign.com\/ca\/#organization\",\"name\":\"Otb.es\",\"url\":\"https:\/\/www.otbwaterdesign.com\/ca\/\",\"logo\":{\"@type\":\"ImageObject\",\"inLanguage\":\"ca\",\"@id\":\"https:\/\/www.otbwaterdesign.com\/ca\/#\/schema\/logo\/image\/\",\"url\":\"https:\/\/www.otbwaterdesign.com\/wp-content\/uploads\/2020\/10\/OTB-Logo-2.png\",\"contentUrl\":\"https:\/\/www.otbwaterdesign.com\/wp-content\/uploads\/2020\/10\/OTB-Logo-2.png\",\"width\":216,\"height\":228,\"caption\":\"Otb.es\"},\"image\":{\"@id\":\"https:\/\/www.otbwaterdesign.com\/ca\/#\/schema\/logo\/image\/\"}}]}<\/script>\n<!-- \/ Yoast SEO Premium plugin. -->","yoast_head_json":{"title":"Pla\u00e7a del Pa\u00eds Valenci\u00e0 , l'Eliana - Oficina T\u00e9cnica Buigas","robots":{"index":"noindex","follow":"follow"},"og_locale":"ca_ES","og_type":"article","og_title":"Pla\u00e7a del Pa\u00eds Valenci\u00e0 , l'Eliana","og_url":"https:\/\/www.otbwaterdesign.com\/ca\/proyecto\/placa-del-pais-leliana\/","og_site_name":"Oficina T\u00e9cnica Buigas","article_modified_time":"2022-12-01T14:36:16+00:00","og_image":[{"width":1920,"height":750,"url":"https:\/\/www.otbwaterdesign.com\/wp-content\/uploads\/2020\/10\/IMG_3099.jpg","type":"image\/jpeg"}],"twitter_card":"summary_large_image","schema":{"@context":"https:\/\/schema.org","@graph":[{"@type":"WebPage","@id":"https:\/\/www.otbwaterdesign.com\/ca\/proyecto\/placa-del-pais-leliana\/","url":"https:\/\/www.otbwaterdesign.com\/ca\/proyecto\/placa-del-pais-leliana\/","name":"Pla\u00e7a del Pa\u00eds Valenci\u00e0 , l'Eliana - Oficina T\u00e9cnica Buigas","isPartOf":{"@id":"https:\/\/www.otbwaterdesign.com\/ca\/#website"},"primaryImageOfPage":{"@id":"https:\/\/www.otbwaterdesign.com\/ca\/proyecto\/placa-del-pais-leliana\/#primaryimage"},"image":{"@id":"https:\/\/www.otbwaterdesign.com\/ca\/proyecto\/placa-del-pais-leliana\/#primaryimage"},"thumbnailUrl":"https:\/\/www.otbwaterdesign.com\/wp-content\/uploads\/2020\/10\/IMG_3099.jpg","datePublished":"2022-12-01T14:33:49+00:00","dateModified":"2022-12-01T14:36:16+00:00","breadcrumb":{"@id":"https:\/\/www.otbwaterdesign.com\/ca\/proyecto\/placa-del-pais-leliana\/#breadcrumb"},"inLanguage":"ca","potentialAction":[{"@type":"ReadAction","target":["https:\/\/www.otbwaterdesign.com\/ca\/proyecto\/placa-del-pais-leliana\/"]}]},{"@type":"ImageObject","inLanguage":"ca","@id":"https:\/\/www.otbwaterdesign.com\/ca\/proyecto\/placa-del-pais-leliana\/#primaryimage","url":"https:\/\/www.otbwaterdesign.com\/wp-content\/uploads\/2020\/10\/IMG_3099.jpg","contentUrl":"https:\/\/www.otbwaterdesign.com\/wp-content\/uploads\/2020\/10\/IMG_3099.jpg","width":1920,"height":750},{"@type":"BreadcrumbList","@id":"https:\/\/www.otbwaterdesign.com\/ca\/proyecto\/placa-del-pais-leliana\/#breadcrumb","itemListElement":[{"@type":"ListItem","position":1,"name":"Portada","item":"https:\/\/www.otbwaterdesign.com\/ca\/"},{"@type":"ListItem","position":2,"name":"Pla\u00e7a del Pa\u00eds Valenci\u00e0 , l&#8217;Eliana"}]},{"@type":"WebSite","@id":"https:\/\/www.otbwaterdesign.com\/ca\/#website","url":"https:\/\/www.otbwaterdesign.com\/ca\/","name":"Oficina T\u00e9cnica Buigas","description":"Fuentes Ornamentales OTB","publisher":{"@id":"https:\/\/www.otbwaterdesign.com\/ca\/#organization"},"potentialAction":[{"@type":"SearchAction","target":{"@type":"EntryPoint","urlTemplate":"https:\/\/www.otbwaterdesign.com\/ca\/?s={search_term_string}"},"query-input":"required name=search_term_string"}],"inLanguage":"ca"},{"@type":"Organization","@id":"https:\/\/www.otbwaterdesign.com\/ca\/#organization","name":"Otb.es","url":"https:\/\/www.otbwaterdesign.com\/ca\/","logo":{"@type":"ImageObject","inLanguage":"ca","@id":"https:\/\/www.otbwaterdesign.com\/ca\/#\/schema\/logo\/image\/","url":"https:\/\/www.otbwaterdesign.com\/wp-content\/uploads\/2020\/10\/OTB-Logo-2.png","contentUrl":"https:\/\/www.otbwaterdesign.com\/wp-content\/uploads\/2020\/10\/OTB-Logo-2.png","width":216,"height":228,"caption":"Otb.es"},"image":{"@id":"https:\/\/www.otbwaterdesign.com\/ca\/#\/schema\/logo\/image\/"}}]}},"_links":{"self":[{"href":"https:\/\/www.otbwaterdesign.com\/ca\/wp-json\/wp\/v2\/proyecto\/5949"}],"collection":[{"href":"https:\/\/www.otbwaterdesign.com\/ca\/wp-json\/wp\/v2\/proyecto"}],"about":[{"href":"https:\/\/www.otbwaterdesign.com\/ca\/wp-json\/wp\/v2\/types\/proyecto"}],"version-history":[{"count":0,"href":"https:\/\/www.otbwaterdesign.com\/ca\/wp-json\/wp\/v2\/proyecto\/5949\/revisions"}],"wp:featuredmedia":[{"embeddable":true,"href":"https:\/\/www.otbwaterdesign.com\/ca\/wp-json\/wp\/v2\/media\/1977"}],"wp:attachment":[{"href":"https:\/\/www.otbwaterdesign.com\/ca\/wp-json\/wp\/v2\/media?parent=5949"}],"wp:term":[{"taxonomy":"category","embeddable":true,"href":"https:\/\/www.otbwaterdesign.com\/ca\/wp-json\/wp\/v2\/categories?post=5949"},{"taxonomy":"post_tag","embeddable":true,"href":"https:\/\/www.otbwaterdesign.com\/ca\/wp-json\/wp\/v2\/tags?post=5949"}],"curies":[{"name":"wp","href":"https:\/\/api.w.org\/{rel}","templated":true}]}}

Plaça del País Valencià , l&#8217;Eliana

<!-- This site is optimized with the Yoast SEO Premium plugin v22.5 (Yoast SEO v22.5) - https://yoast.com/wordpress/plugins/seo/ -->
<title>Plaça del País Valencià , l&#039;Eliana - Oficina Técnica Buigas</title>
<meta name="robots" content="noindex, follow" />
<meta property="og:locale" content="ca_ES" />
<meta property="og:type" content="article" />
<meta property="og:title" content="Plaça del País Valencià , l&#039;Eliana" />
<meta property="og:url" content="https://www.otbwaterdesign.com/ca/proyecto/placa-del-pais-leliana/" />
<meta property="og:site_name" content="Oficina Técnica Buigas" />
<meta property="article:modified_time" content="2022-12-01T14:36:16+00:00" />
<meta property="og:image" content="https://www.otbwaterdesign.com/wp-content/uploads/2020/10/IMG_3099.jpg" />
	<meta property="og:image:width" content="1920" />
	<meta property="og:image:height" content="750" />
	<meta property="og:image:type" content="image/jpeg" />
<meta name="twitter:card" content="summary_large_image" />
<script type="application/ld+json" class="yoast-schema-graph">{"@context":"https://schema.org","@graph":[{"@type":"WebPage","@id":"https://www.otbwaterdesign.com/ca/proyecto/placa-del-pais-leliana/","url":"https://www.otbwaterdesign.com/ca/proyecto/placa-del-pais-leliana/","name":"Plaça del País Valencià , l'Eliana - Oficina Técnica Buigas","isPartOf":{"@id":"https://www.otbwaterdesign.com/ca/#website"},"primaryImageOfPage":{"@id":"https://www.otbwaterdesign.com/ca/proyecto/placa-del-pais-leliana/#primaryimage"},"image":{"@id":"https://www.otbwaterdesign.com/ca/proyecto/placa-del-pais-leliana/#primaryimage"},"thumbnailUrl":"https://www.otbwaterdesign.com/wp-content/uploads/2020/10/IMG_3099.jpg","datePublished":"2022-12-01T14:33:49+00:00","dateModified":"2022-12-01T14:36:16+00:00","breadcrumb":{"@id":"https://www.otbwaterdesign.com/ca/proyecto/placa-del-pais-leliana/#breadcrumb"},"inLanguage":"ca","potentialAction":[{"@type":"ReadAction","target":["https://www.otbwaterdesign.com/ca/proyecto/placa-del-pais-leliana/"]}]},{"@type":"ImageObject","inLanguage":"ca","@id":"https://www.otbwaterdesign.com/ca/proyecto/placa-del-pais-leliana/#primaryimage","url":"https://www.otbwaterdesign.com/wp-content/uploads/2020/10/IMG_3099.jpg","contentUrl":"https://www.otbwaterdesign.com/wp-content/uploads/2020/10/IMG_3099.jpg","width":1920,"height":750},{"@type":"BreadcrumbList","@id":"https://www.otbwaterdesign.com/ca/proyecto/placa-del-pais-leliana/#breadcrumb","itemListElement":[{"@type":"ListItem","position":1,"name":"Portada","item":"https://www.otbwaterdesign.com/ca/"},{"@type":"ListItem","position":2,"name":"Plaça del País Valencià , l&#8217;Eliana"}]},{"@type":"WebSite","@id":"https://www.otbwaterdesign.com/ca/#website","url":"https://www.otbwaterdesign.com/ca/","name":"Oficina Técnica Buigas","description":"Fuentes Ornamentales OTB","publisher":{"@id":"https://www.otbwaterdesign.com/ca/#organization"},"potentialAction":[{"@type":"SearchAction","target":{"@type":"EntryPoint","urlTemplate":"https://www.otbwaterdesign.com/ca/?s={search_term_string}"},"query-input":"required name=search_term_string"}],"inLanguage":"ca"},{"@type":"Organization","@id":"https://www.otbwaterdesign.com/ca/#organization","name":"Otb.es","url":"https://www.otbwaterdesign.com/ca/","logo":{"@type":"ImageObject","inLanguage":"ca","@id":"https://www.otbwaterdesign.com/ca/#/schema/logo/image/","url":"https://www.otbwaterdesign.com/wp-content/uploads/2020/10/OTB-Logo-2.png","contentUrl":"https://www.otbwaterdesign.com/wp-content/uploads/2020/10/OTB-Logo-2.png","width":216,"height":228,"caption":"Otb.es"},"image":{"@id":"https://www.otbwaterdesign.com/ca/#/schema/logo/image/"}}]}</script>
<!-- / Yoast SEO Premium plugin. -->

Plaça del País Valencià , l'Eliana - Oficina Técnica Buigas

Plaça del País Valencià , l'Eliana

Oficina Técnica Buigas
